 u(-3).
-11
Let p(k) = k**2 - 10*k + 7. What is p(6)?
-17
Let m(x) = x + 16. Give m(-10).
6
Let t(a) = -16*a**2 - 6*a + 5. Give t(1).
-17
Let u(o) = -7*o**2 + 35*o + 3. What is u(5)?
3
Let n(v) = v**3 - 9*v**2 + 7*v + 10. What is n(8)?
2
Let y(k) = -k**3 + 15*k**2 + 33*k + 9. Give y(17).
-8
Let n(f) = -2*f**2 + 30*f + 59. Calculate n(17).
-9
Let z(h) = -6*h + 4. Calculate z(6).
-32
Let u(s) = -2*s**3 + 60*s**2 - 6*s + 70. Determine u(30).
-110
Let j(h) = -85*h**3 + 4*h**2 - h - 1. What is j(1)?
-83
Let n(r) = -r**2 + 7*r + 49. Give n(11).
5
Let r(v) = v**3 - 17*v**2 - 20*v + 38. What is r(18)?
2
Let k(z) = 46*z. Determine k(-1).
-46
Let b(d) = 11*d**2 + 2*d + 1. What is b(-1)?
10
Let o(m) = m**2 - 4*m + 6. Determine o(4).
6
Let p(g) = -g**3 + 3*g**2 - 3*g + 3. Give p(2).
1
Let q(k) = -4*k - 252. What is q(-62)?
-4
Let f(y) = y**2 + 3*y + 2. Determine f(-3).
2
Let b(n) = -n**3 - 6*n**2 + 9*n + 11. What is b(-7)?
-3
Let m(q) = q**3 - 19*q**2 + 11*q + 16. Determine m(18).
-110
Let v(c) = -c**3 + 9*c**2 - 3*c - 21. Give v(9).
-48
Let q(h) = -h + 8. Calculate q(0).
8
Let q(y) = y**3 + 14*y**2 + 11*y - 17. Calculate q(-13).
9
Let k(h) = -h**3 - 3*h**2 + 5*h - 13. What is k(-5)?
12
Let y(k) = k**2 + 24*k + 132. Determine y(-10).
-8
Let v(d) = -69*d - 4. Give v(-1).
65
Let b(x) = -x**2 - x + 17. Calculate b(5).
-13
Let l(p) = -21*p + 302. Calculate l(14).
8
Let v(a) = -a**2 + 7*a + 10. Give v(7).
10
Let q(p) = -3*p**2 - 10*p - 2. Calculate q(-4).
-10
Let u(h) = -23*h**3 + 4*h**2 + h. What is u(1)?
-18
Let t(x) = -x**3 - 8*x**2 + 14*x + 24. What is t(-9)?
-21
Let g(j) = j**2 - 13*j + 33. Calculate g(10).
3
Let f(u) = u + 7. Determine f(-2).
5
Let s(p) = -p**3 + 7*p**2 + 7*p - 10. Determine s(8).
-18
Let b(z) = -z**2 - 10*z - 14. Give b(-7).
7
Let m(y) = -y**2 - 11*y - 15. Determine m(-10).
-5
Let g(b) = -b + 9. Calculate g(13).
-4
Let f(k) = 2*k**3 - 3*k**2 - 5*k - 2. Calculate f(-2).
-20
Let a(n) = -8*n - 15. Determine a(-3).
9
Let y(j) = -19*j + 36. Calculate y(4).
-40
Let a(t) = 3*t**2 - 4*t - 3. Determine a(-3).
36
Let q(u) = -4*u - 12. Calculate q(10).
-52
Let p(a) = -a**3 + 19*a**2 - 15*a - 52. Calculate p(18).
2
Let h(g) = g**3 - 11*g**2 + 2*g - 16. Determine h(11).
6
Let x(y) = -y**2 + 9*y - 20. What is x(6)?
-2
Let v(y) = y**3 - 4*y**2 - 5*y + 5. Determine v(5).
5
Let c(p) = p**3 - p**2 - 3*p - 2. Determine c(-2).
-8
Let x(g) = g**2 + 11*g - 7. Determine x(-8).
-31
Let p(w) = w**2 + 14*w + 26. Determine p(-12).
2
Let f(k) = k**2 + 10*k - 65. Determine f(-14).
-9
Let q(w) = w**3 + w**2 + 3*w - 2. Determine q(2).
16
Let h(u) = -2*u - 3. Determine h(-8).
13
Let c(v) = 2*v**2 + 23*v - 136. Calculate c(-16).
8
Let r(h) = -h**3 - 6*h**2 + 6*h + 5. Calculate r(-5).
-50
Let o(u) = 7*u - 17. Give o(7).
32
Let r(c) = -12*c + 2. Determine r(-3).
38
Let s(c) = -c**3 - 9*c**2 + 3*c - 15. Calculate s(-8).
-103
Let s(a) = -a**2 + 10*a + 6. Calculate s(11).
-5
Let c(s) = -19*s + 13. Determine c(4).
-63
Let o(m) = m**3 - 11*m**2 + 10*m + 1. What is o(10)?
1
Let v(x) = x**3 + 8*x**2 + 7*x + 7. Determine v(-7).
7
Let o(w) = -12*w + 129. Give o(11).
-3
Let r(j) = j**2 - 2*j + 24. Calculate r(0).
24
Let y(v) = -6*v + 32. Calculate y(10).
-28
Let y(l) = -l**2 - 21*l + 116. Determine y(-26).
-14
Let v(t) = -4*t**2 + 3*t. Determine v(2).
-10
Let m(z) = -z. What is m(-6)?
6
Let f(t) = -t**3 + 9*t**2 + 2*t - 6. Give f(9).
12
Let o(w) = -w**2 + 12. Calculate o(4).
-4
Let h(g) = -2*g**2 - 7*g + 6. What is h(-6)?
-24
Let x(q) = q**2 - 45*q + 383. Give x(11).
9
Let i(f) = -11*f**3 - f**2 + 2*f - 1. What is i(1)?
-11
Let b(i) = -i + 4. Determine b(3).
1
Let d(f) = -f**2 + 14*f + 33. Give d(17).
-18
Let f(q) = -2*q**2 - 3*q - 3. Give f(-2).
-5
Let m(u) = u - 20. Determine m(13).
-7
Let f(c) = -c**3 + 12*c**2 + 13*c - 21. Give f(13).
-21
Let p(f) = -22*f + 2. Give p(2).
-42
Let a(h) = -h**3 + h**2 + 2*h - 2. Calculate a(3).
-14
Let s(l) = -l**2 - 6*l - 6. What is s(-6)?
-6
Let s(v) = v**3 + 3*v**2 - 5*v + 3. Determine s(-4).
7
Let m(j) = 2*j**2 - 8*j + 3. What is m(4)?
3
Let i(g) = 33*g + 1. Calculate i(-1).
-32
Let d(j) = j**2 - 4*j - 37. Give d(7).
-16
Let n(m) = -m**2 - 11*m - 19. Determine n(-6).
11
Let i(p) = 6*p - 98. Calculate i(15).
-8
Let i(t) = t**2 - 14*t - 5. Give i(13).
-18
Let n(a) = a**3 + 10*a**2 + 11*a + 5. Calculate n(-9).
-13
Let m(k) = 2*k**3 + 3*k**2 - 3*k - 1. Give m(-3).
-19
Let l(v) = 2*v + 8. Determine l(14).
36
Let i(a) = -3*a**3 + 2*a**2 - 1. What is i(2)?
-17
Let l(y) = -y**3 + 31*y**2 + 30*y + 68. Determine l(32).
4
Let f(v) = -2*v - 2. Give f(-13).
24
Let n(v) = v**3 + 23*v**2 - 26*v - 55. Determine n(-24).
-7
Let x(b) = -14*b - 866. Calculate x(-62).
2
Let w(c) = -c**2 + 13*c + 74. Calculate w(17).
6
Let d(s) = s**2 - 13*s - 48. Calculate d(17).
20
Let l(f) = -f**3 + 6*f**2 - 6*f. Determine l(5).
-5
Let j(g) = g**3 - 6*g**2 - 8*g - 17. Determine j(7).
-24
Let b(t) = t - 14. Give b(20).
6
Let f(y) = -y + 32. Give f(12).
20
Let u(s) = s**3 + 5*s**2 + 9*s + 9. Calculate u(-3).
0
Let s(t) = t**2 + 12*t + 15. Calculate s(-13).
28
Let l(s) = -s**3 - 9*s**2 - 26*s - 147. What is l(-8)?
-3
Let n(f) = 3*f**2. Give n(-1).
3
Let f(m) = -5*m**3 - 2*m + 1. Give f(1).
-6
Let z(v) = -2*v**3 - 8*v**2 + 2*v + 6. Give z(-4).
-2
Let d(o) = -o**3 - 29*o**2 - 27*o + 28. Calculate d(-28).
0
Let w(o) = -5*o**2 + 20*o + 10. Give w(5).
-15
Let s(m) = m**3 - 9*m**2 - 10*m + 10. Calculate s(10).
10
Let s(q) = q**2 + 35*q + 256. What is s(-10)?
6
Let j(g) = -g**3 - 11*g**2 - 7*g + 14. Give j(-10).
-16
Let p(n) = 4*n - 9. What is p(6)?
15
Let l(s) = 4*s**2 - 5*s + 2. What is l(4)?
46
Let v(x) = x**3 - 14*x**2 + 11*x + 3. Calculate v(13).
-23
Let y(k) = -k**2 + 8*k + 9. Give y(7).
16
Let t(h) = h**3 + 15*h**2 + 14*h - 9. What is t(-14)?
-9
Let k(y) = -y**2 - 15*y - 17. What is k(-17)?
-51
Let q(s) = -6*s - 41. Give q(-10).
19
Let j(q) = -q**3 + 19*q**2 - 22*q + 44. Calculate j(18).
-28
Let q(s) = s**3 - 7*s**2 - 16*s - 7. Give q(9).
11
Let d(f) = f**3 - 25*f**2 - 26*f - 7. Calculate d(26).
-7
Let c(z) = z**3 - 4*z**2 - 3*z + 4. Calculate c(4).
-8
Let c(w) = -6*w**2 - w + 2. Give c(0).
2
Let h(p) = -p**3 - 10*p**2 + 11*p + 8. Give h(-11).
8
Let f(d) = d**2 + 13*d + 21. Give f(-11).
-1
Let k(h) = -h**2 + 29*h - 191. Calculate k(16).
17
Let f(b) = 15*b + 65. Calculate f(-5).
-10
Let f(u) = -2*u**3 - 3*u**2 - u + 4. Give f(2).
-26
Let w(v) = 2*v**3 - v**2. What is w(2)?
12
Let l(d) = -d**3 - 13*d**2 - 13*d + 14. Determine l(-12).
26
Let k(s) = -6*s**2 + 9*s - 5. Give k(4).
-65
Let d(f) = -2*f**3 + 23*f**2 - 16*f + 58. Determine d(11).
3
Let b(z) = z**2 + 34*z - 1. Determine b(-34).
-1
Let g(c) = c + 13. Give g(-11).
2
Let d(t) = -9*t**2. What is d(-1)?
-9
Let v(z) = -2*z**2 - 10. Calculate v(6).
-82
Let z(m) = -m**2 + 5*m + 9. Determine z(6).
3
Let x(d) = 10*d + 1. Calculate x(1).
11
Let a(y) = 8*y**3 - 2*y**2 + 3*y - 2. Calculate a(1).
7
Let f(k) = -9*k + 54. Calculate f(14).
-72
Let o(t) = -9*t - 11. Determine o(-8).
61
Let m(x) = 30*x - 209. Calculate m(7).
1
Let l(g) = -g - 8. Calculate l(4).
-12
Let c(v) = -v + 12. What is c(32)?
-20
Let k(x) = x**2 - 2*x - 38. Give k(7).
-3
Let r(g) = g**3 - 5*g**2 + 3*g - 1. Determine r(4).
-5
Let c(j) = j**2 + 11*j + 3. Determine c(-9).
-15
Let s(r) = -r**3 + 7*r**2 + 20*r - 11. What is s(9)?
7
Let p(h) = -10*h - 4. Calculate p(-6).
56
Let c(j) = 2*j - 41. What is c(7)?
-27
Let y(k) = -5*k - 124. Calculate y(-25).
1
Let v(x) = -x**3 + 22*x**2 + 25*x + 16. Give v(23).
62
Let o(q) = -q**3 - 9*q**2 - 3*q - 5. Calculate o(-9).
22
Let t(k) = -11*k + 15. Give t(7).
-62
Let p(v) = v**3 + 2*v**2 - 3. What is p(-3)?
-12
Let j(m) = 3*m**2 - 5*m + 4. Give j(2).
6
Let h(r) = r**3 + 6*r**2 - 3*r - 1. What is h(-4)?
43
Let h(f) = f**3 + 20*f**2 + 95*f + 49. Determine h(-13).
-3
Let p(a) = a + 17. Give p(-14).
3
Let m(y) = y - 6. Give m(0).
-6
Let g(h) = 3*h**2 + 17*h - 5. Determine g(-6).
1
Let c(o) = -o**3 + 27*o**2 - 26*o - 2. What is c(26)?
-2
Let y(b) = -2*b**2 + 5*b. What is y(5)?
-25
Let x(c) = c + 14. Determine x(-10).
4
Let m(g) = g**2 + 22*g - 2. What is m(-16)?
-98
Let n(b) = b**2 - 23*b - 56. What is n(26)?
22
Let b(d) = d**2 + 8*d - 13. Determine b(-9).
-4
Let k(d) = -2*d**2 + d - 9. What is k(4)?
-37
Let t(n) = n**3 + 18*n**2 - 41*n 